mber?
False
Let t = 2510 + -29818. Let b = -13659 - t. Is b a prime number?
True
Is -9 + 2 + (-37)/(37/(-39164)) a composite number?
False
Let y(x) = 97*x - 373. Is y(48) a prime number?
True
Let f(l) = 10 - 1 - l**2 - 2 - 3. Let r be f(0). Suppose -4*x + 8 = 0, y - 690 = r*x + 1461. Is y a composite number?
True
Suppose 5*w = 2*l - 12458, l = 5*l + w - 24960. Is l prime?
False
Let y = 104253 + -63572. Is y a prime number?
False
Let s be (-6)/(-4)*-3 - 3/(-2). Let z be 1/(s/(-2)*(-3)/(-29331)). Suppose -2552 - z = -10*r. Is r a composite number?
False
Let s(n) = -2*n**3 - 4*n**2 - 2*n + 1. Let d be s(-2). Let m(y) = 19*y**3 + 5*y**2 + 6*y + 1. Is m(d) a prime number?
True
Let h(q) = 124*q + 37. Let j be h(16). Let k = 2940 - j. Is k prime?
True
Let x(d) be the third derivative of -809*d**4/24 + 5*d**3/3 + 3*d**2 + 8. Is x(-3) a composite number?
False
Let t(j) = -106*j**3 - 35*j**2 + 31*j - 17. Is t(-10) prime?
False
Let z(i) = i**2 - 15. Let l be z(3). Is 80810/20 + 9/l composite?
True
Is 7/(-2)*(-12)/7 + 1331 a composite number?
True
Suppose -3*g + 51 = 3*c, -24*g - 3*c = -22*g - 36. Suppose -8664 = -4*p - 11*t + g*t, 3*t = -5*p + 10838. Is p a composite number?
True
Let j = -342252 - -914015. Is j a prime number?
False
Let v(b) = -b**3 - 7*b**2 + 8*b + 10. Suppose 3*t + 11 + 13 = 0. Let p be v(t). Is 5/p*25494/3 a prime number?
False
Suppose 0 = 35*b - 158*b + 770430 + 1321923. Is b a prime number?
True
Let m(b) = -b**3 - 6*b**2 - 12*b - 11. Let a be m(-5). Let w(n) = 5*n - 51 + 2*n + a*n - 9*n. Is w(20) prime?
True
Suppose 0 = -11*j + 46609 - 8494. Let b = 8654 - j. Is b prime?
True
Let u be 5 + 8/(-2) + 1. Let m(f) = -12*f - 10*f - 21 - f**3 + 3622*f**u - 3635*f**2. Is m(-13) a prime number?
False
Suppose 18*x = 50*x - 26*x - 7315422. Is x composite?
False
Let x = 194298 + -135171. Is x prime?
False
Let s(a) = -1703*a + 5533. Is s(-36) a prime number?
True
Let c(h) = -4796*h - 87. Let x(s) = s - 3. Let f(m) = -c(m) + 6*x(m). Is f(2) a composite number?
True
Let i(q) = -5988*q - 383. Is i(-10) a prime number?
True
Let b(k) = 5*k**3 + 3*k**2 + 2*k + 8. Let n(m) = -3*m**2 - 19*m + 1. Let u be n(-6). Let x be b(u). Let o = -1113 + x. Is o prime?
False
Let w(z) = 6*z**2 + 27*z + 42. Let i be w(-9). Let c be 0 + (3 - 2)*124. Let h = c + i. Is h composite?
False
Let x(p) = 1282*p - 33. Let j(m) = 641*m - 16. Let t(r) = 7*j(r) - 4*x(r). Let y(k) = 642*k - 21. Let q(d) = -5*t(d) - 6*y(d). Is q(-5) prime?
False
Suppose 1510226 = 78*z - 32*z. Is z a prime number?
True
Let i = -682 + 637. Let d = -9 - -24. Is 2 + (-179421)/i - 2/d composite?
False
Let a(v) = v**2 - 3*v - 6. Let o be a(-3). Let n be (1 - 4/o)/((-4)/(-18)). Suppose -w - 5*i + 301 = w, 0 = -n*w + 3*i + 483. Is w composite?
True
Suppose -1397*p - 4456283 = -1410*p. Is p a composite number?
False
Suppose 3*i + 3 = 0, -3*j + 16708 = -25*i + 21*i. Let z = j + -3251. Is z a composite number?
True
Suppose 2*l = -5*n + 109074 + 80683, 0 = 4*l + n - 379523. Is l composite?
True
Is 66074/4*(147 + -145) prime?
True
Let i be (-3)/(-18) - 341/(-6). Let c = 56 - i. Is (-1*9426)/3*c/2 a composite number?
False
Suppose -3*c = -138100 - 110501 + 10260. Is c prime?
False
Let s(k) = -k**2 - k + 14. Let z be s(3). Suppose 2*c + 2*c - 24628 = -4*r, -z*r - 5*c = -12314. Is r composite?
True
Suppose -352 = -7*f + 9*f. Let i = 401 + f. Suppose -i - 283 = -4*q. Is q prime?
True
Let z(m) = 4216*m**2 - 3*m - 1. Let y be z(5). Suppose 0 = 4*t + 8*t - y. Is t a prime number?
False
Is -20514*11/(-44) + (-3)/(-6) a composite number?
True
Let u(g) = g**3 - 71*g**2 + 92*g - 441. Is u(118) a composite number?
False
Suppose 9*r = -r + 30. Suppose -3597 = r*v - 23076. Is v prime?
False
Is -1*(-42)/(-7)*1 + (286454 - -5) composite?
False
Suppose -w - 5*w = -12. Let o be 120/(-9)*3/w. Is (o/8 + 2)/(2/(-3628)) prime?
True
Suppose -26715 = 2*c + 22215. Is ((-16)/(-34))/(-4) + c/(-17) a prime number?
True
Suppose s + 109*t - 111*t = 56087, s - 56085 = t. Is s prime?
False
Let z(h) be the third derivative of h**4/6 + 5*h**3/3 + 29*h**2. Let k be z(0). Suppose -k*m + 10828 = -6*m. Is m prime?
True
Let c be 1 - (5 - (-5 + 10)). Is 5369 + -20 + 0/c composite?
True
Let i be 2 - (7 + -8 - (-1 - -2)). Suppose -2*v - 3*t - t = -3248, 2*t - i = 0. Is (-6)/(-4) + 5 + v/8 a composite number?
True
Let p(m) = 159*m - 8. Let j(v) = -319*v + 17. Let y(f) = 3*j(f) + 5*p(f). Let k(s) = 175*s + 1739. Let a be k(-10). Is y(a) prime?
False
Suppose -11*z + 54 = -2*z. Let j(q) = 2*q - z*q - q**3 - 8 + q. Is j(-6) composite?
True
Let q(a) = -23*a - 121. Let h be q(24). Let t = 148 - h. Is t a composite number?
False
Is 200232 - -8*8/16 - 7 - 2 composite?
False
Suppose 3*x - 3754704 = -3*n, 6 = 55*x - 57*x. Is n a prime number?
True
Let a = -101509 + 153202. Is a a prime number?
False
Suppose 0 = -2*t + 124 - 118. Is (0 + 1 - t)*48078/(-36) prime?
True
Suppose -18*y + 4867 = -2*y - 1357. Is y composite?
False
Let q(o) = -9*o - 5 - 192*o + 15 - 181*o. Let z(j) = 2*j + 6. Let i be z(-6). Is q(i) composite?
True
Let p(j) = -627*j**3 - j**2 - 33*j - 82. Is p(-3) prime?
True
Is 3/2*-1*((-1744502714)/(-87))/(-37) a prime number?
False
Suppose -5*b + 190 = 2*v, 6*v - v - 15 = -b. Suppose 28*d - 23*d + b = 0. Let t(q) = q**2 - 3*q - 9. Is t(d) a prime number?
True
Suppose 6*j = -3*j + 297. Let v = j + 42. Suppose 0 = v*m - 76*m + 707. Is m prime?
False
Let k = 200 - 197. Suppose 5*a - k*a + 19340 = 4*o, -o - 4*a = -4835. Is o a prime number?
False
Let l = 2 - 0. Let w be (2/l)/((-19)/(-57)). Suppose 0 = 2*d - 2, 3*h + 1225 = 5*h - w*d. Is h a composite number?
True
Let s be (0 - (-4 + 10)) + 20987. Suppose -4*g - s = -p - 7*g, 41978 = 2*p + 2*g. Is p prime?
False
Let h(u) = -u**2 + 6*u + 3. Let j be h(-4). Let i = j + 27. Is (-6)/3 + i + 99 prime?
False
Suppose -2*z + 92590 = 21094. Let b = z - 21259. Is b prime?
True
Suppose -4*p - 7238051 = -20*p - 21*p. Is p prime?
False
Let v be (-366)/(-9) - 1*(-3)/9. Suppose 57 = 4*y + v. Suppose y*t - 7*t + 2361 = 0. Is t a composite number?
False
Suppose 38320592 + 4505400 = 136*t. Is t a prime number?
False
Suppose -3*n = 6*q - 4*q - 12, 4*q = 2*n - 24. Let v(k) = -k**3 + 6*k**2 + 2*k - 20. Let u be v(n). Let a(t) = -t**3 - t**2 + 13*t - 7. Is a(u) a prime number?
True
Let n(m) = -40 + 58*m - 3 + 82*m + 3 - 1. Is n(6) a prime number?
False
Is ((-48)/1008*-284851)/((-2)/(-6)) a composite number?
False
Suppose -4*c = 2*c + 462. Let p = -280 - c. Let h = p - -456. Is h a prime number?
False
Is (250/(-15) + 17)*944781 composite?
False
Let j(o) = o**3 + 23*o**2 - 149*o + 31. Is j(34) prime?
False
Let i = 15779 - -42848. Is i a prime number?
False
Let q(b) = 160*b**2 - 17*b - 74. Is q(-13) composite?
True
Let l(z) = 2 - z - 6 - 7. Let b be l(-10). Let a = b - -16. Is a composite?
True
Suppose 822444 + 303630 = 24*w - 169230. Is w composite?
True
Suppose 14*u - 17*u + 553281 = -3*k, 0 = -u - k + 184431. Is u a composite number?
True
Let n be -3*2/(-6)*(0 + -30). Let h = -28 - n. Suppose -3*s = h*v - 164, -2*v - 305 = -5*s + v. Is s prime?
False
Let o = 39 + -37. Let i be (-151)/(-3) - o/6. Is ((-40)/i)/((-2)/85) a prime number?
False
Let s(m) = 116576*m + 1311. Is s(4) a composite number?
True
Let a(u) = -720*u + 2027. Is a(-12) a composite number?
False
Let c(f) = 24284*f - 7219. Is c(7) a composite number?
True
Let j(y) = -7*y + 201 + 22*y - 9*y + 0*y. Is j(45) a prime number?
False
Let x(n) = -191*n**3 - 5*n**2 + 20*n + 89. Is x(-6) a prime number?
False
Suppose b = -2*b + 12. Let l be -3 + 1 + (b + -1 - -2). Suppose l*s + 997 = 3*x + 346, -2*x + 422 = s. Is x prime?
False
Is -348562*(-6 + (-9)/(-2)) composite?
True
Let r(y) = 3*y**3 + 281*y**2 - 64*y + 142. Is r(-91) composite?
True
Let x(c) = -c**3 + 14*c**2 + 14*c + 25. Let q be x(15). Suppose 0*p = -q*p + 28540. Is p a composite number?
True
Let u be 38*((-54)/(-36) + (-83)/2). Let x = 3583 + u. Is x prime?
True
Let t(j) = 922*j**2 - 65*j - 751. Is t(-18) a composite number?
False
Let m be -1 - -2 - (-1 + 5) - 0. Let u(c) = -101*c**3 - 3*c**2 - 4*c - 5. Is u(m) a prime number?
True
Suppose -3*q = a - 15542 - 1556, 4*a = -3*q + 17083. Is (q - (-56)/8) + 3 a prime number?
True
Let d = 17743 - 31934. Let f = d + 28200. Is f composite?
False
Let o(m) = 27*m**2 + 1